 a prime number?
True
Is 148817 a prime number?
True
Is 69053 a composite number?
True
Is 21779 prime?
False
Is 15969 a prime number?
False
Is 363687 a prime number?
False
Is 57011 a prime number?
False
Is 1375349 composite?
True
Is 117655 a prime number?
False
Is 24319 a prime number?
False
Is 770549 a composite number?
True
Is 80497 a composite number?
True
Is 28907 prime?
False
Is 2800477 prime?
False
Is 43831 a composite number?
True
Is 110699 a prime number?
False
Is 77753 a prime number?
False
Is 1415 a prime number?
False
Is 47363 a prime number?
True
Is 26911 a composite number?
True
Is 12433 a composite number?
False
Is 59833 prime?
True
Is 3589 composite?
True
Is 25274 prime?
False
Is 133347 composite?
True
Is 5263 a composite number?
True
Is 745 prime?
False
Is 320567 a composite number?
True
Is 200971 composite?
False
Is 641 composite?
False
Is 953 prime?
True
Is 523273 a composite number?
True
Is 31859 composite?
False
Is 1147499 a composite number?
False
Is 1453537 composite?
False
Is 16961 prime?
False
Is 270577 composite?
False
Is 659 a composite number?
False
Is 193649 composite?
False
Is 411089 composite?
True
Is 9977 a composite number?
True
Is 69709 a prime number?
True
Is 1109 prime?
True
Is 45481 prime?
True
Is 80335 composite?
True
Is 122233 a composite number?
True
Is 2702545 a prime number?
False
Is 175249 a prime number?
False
Is 4621 a composite number?
False
Is 79177 a composite number?
True
Is 251323 a composite number?
False
Is 138169 prime?
False
Is 163927 composite?
False
Is 40667 a prime number?
False
Is 2656831 prime?
True
Is 3599 a composite number?
True
Is 109357 prime?
True
Is 197731 a composite number?
True
Is 216415 a prime number?
False
Is 49431 a prime number?
False
Is 35963 composite?
False
Is 493781 composite?
True
Is 439809 composite?
True
Is 4927 composite?
True
Is 59333 composite?
False
Is 4421 a prime number?
True
Is 2659 composite?
False
Is 84503 composite?
False
Is 70097 prime?
False
Is 51682 prime?
False
Is 1245863 a composite number?
False
Is 2411 composite?
False
Is 1420469 prime?
False
Is 1592553 a composite number?
True
Is 409573 prime?
True
Is 40787 a prime number?
True
Is 52527 composite?
True
Is 239 prime?
True
Is 314851 composite?
False
Is 1690187 a composite number?
False
Is 43391 a composite number?
False
Is 2399 a composite number?
False
Is 1361 composite?
False
Is 223999 a composite number?
False
Is 7219 a composite number?
False
Is 11531 a composite number?
True
Is 540959 prime?
False
Is 9123 prime?
False
Is 222107 a prime number?
True
Is 103141 composite?
False
Is 191641 prime?
False
Is 142007 a composite number?
False
Is 24841 prime?
True
Is 212171 composite?
True
Is 27137 composite?
True
Is 75011 a composite number?
False
Is 153679 a composite number?
True
Is 6007 a composite number?
False
Is 337627 a prime number?
True
Is 141539 a composite number?
False
Is 1918967 prime?
True
Is 1361 prime?
True
Is 5711 a prime number?
True
Is 196321 a composite number?
True
Is 134581 a composite number?
False
Is 23093 a prime number?
False
Is 190207 a composite number?
False
Is 5242 prime?
False
Is 28111 prime?
True
Is 1477 a prime number?
False
Is 2168851 composite?
False
Is 62639 a prime number?
True
Is 47539 a composite number?
True
Is 8135 a composite number?
True
Is 154334 composite?
True
Is 6787 a composite number?
True
Is 8419 a composite number?
False
Is 1297 prime?
True
Is 38551 a composite number?
True
Is 2395 composite?
True
Is 16411 a composite number?
False
Is 34913 composite?
False
Is 50069 composite?
False
Is 2183 composite?
True
Is 293 prime?
True
Is 97043 a prime number?
False
Is 415677 a composite number?
True
Is 7177 a composite number?
False
Is 23921 composite?
True
Is 18971 composite?
True
Is 26626 a prime number?
False
Is 9791 a composite number?
False
Is 12077 a prime number?
False
Is 276229 composite?
False
Is 21529 composite?
False
Is 13367 prime?
True
Is 1126 a prime number?
False
Is 4087 composite?
True
Is 45062 prime?
False
Is 2914363 a prime number?
True
Is 21961 a composite number?
False
Is 11015 a composite number?
True
Is 179509 a prime number?
False
Is 259963 composite?
True
Is 1214827 a prime number?
True
Is 277957 prime?
False
Is 2814689 a prime number?
False
Is 500909 a composite number?
False
Is 339049 a composite number?
False
Is 24515 composite?
True
Is 267941 prime?
True
Is 141863 composite?
False
Is 2615 composite?
True
Is 489589 prime?
False
Is 163543 a prime number?
True
Is 5623 a composite number?
False
Is 393951 a composite number?
True
Is 16307 composite?
True
Is 76523 prime?
False
Is 22331 a prime number?
False
Is 101431 a prime number?
False
Is 7751 a composite number?
True
Is 743 prime?
True
Is 956701 a composite number?
True
Is 4861 a composite number?
False
Is 76643 prime?
False
Is 373261 composite?
True
Is 3046559 composite?
True
Is 318167 a composite number?
True
Is 164011 composite?
False
Is 268306 a composite number?
True
Is 112601 composite?
False
Is 145753 prime?
True
Is 13997 a composite number?
False
Is 1688741 a prime number?
True
Is 811313 prime?
False
Is 75097 a composite number?
True
Is 3967 prime?
True
Is 864407 a composite number?
False
Is 49745 a prime number?
False
Is 346565 prime?
False
Is 511627 composite?
False
Is 194977 composite?
False
Is 12385 a prime number?
False
Is 421891 prime?
True
Is 199523 a prime number?
True
Is 19001 prime?
True
Is 15619 a composite number?
False
Is 11959 composite?
False
Is 3841 composite?
True
Is 3347 a prime number?
True
Is 43037 prime?
True
Is 32179 a prime number?
False
Is 1133 composite?
True
Is 13019 composite?
True
Is 15259 a prime number?
True
Is 182719 composite?
True
Is 53221 composite?
True
Is 9413 a prime number?
True
Is 57769 a prime number?
False
Is 106619 a composite number?
False
Is 4607 prime?
False
Is 321007 a prime number?
True
Is 442439 composite?
False
Is 23713 a composite number?
True
Is 34459 composite?
True
Is 58679 composite?
False
Is 56299 a composite number?
False
Is 2379757 a composite number?
False
Is 25523 prime?
True
Is 2512819 prime?
False
Is 107611 a composite number?
True
Is 129 a composite number?
True
Is 14302 a prime number?
False
Is 21961 composite?
False
Is 2321 prime?
False
Is 46211 a prime number?
False
Is 867655 composite?
True
Is 5993213 a composite number?
False
Is 48913 a composite number?
True
Is 500447 a prime number?
False
Is 60019 a prime number?
False
Is 230623 prime?
False
Is 13349 composite?
True
Is 10167 prime?
False
Is 66494 a composite number?
True
Is 745903 a composite number?
False
Is 78061 prime?
False
Is 25689 prime?
False
Is 1143149 composite?
True
Is 96699 composite?
True
Is 743 a composite number?
False
Is 46289 composite?
True
Is 23431 prime?
True
Is 521 composite?
False
Is 3329353 prime?
True
Is 42899 a prime number?
True
Is 56369 prime?
True
Is 76079 composite?
False
Is 46289 composite?
True
Is 66919 composite?
False
Is 6449 a prime number?
True
Is 163617 composite?
True
Is 86323 a prime number?
True
Is 2157059 composite?
True
Is 146477 a prime number?
True
Is 80447 a prime number?
True
Is 44293 a composite number?
False
Is 4073 a composite number?
False
Is 226307 prime?
True
Is 271657 composite?
False
Is 27601 composite?
True
Is 785 a prime number?
False
Is 41573 composite?
True
Is 764207 composite?
True
Is 1452443 a prime number?
False
Is 724079 a prime number?
True
Is 961427 a prime number?
True
Is 7069 prime?
True
Is 1561 composite?
True
Is 515087 a composite number?
False
Is 73271 prime?
False
Is 6005 a composite number?
True
Is 14029 composite?
False
Is 8399 a composite number?
True
Is 701 a prime number?
True
Is 166917 a composite number?
True
Is 937741 a prime number?
False
Is 65077 composite?
True
Is 737 prime?
False
Is 133505 a prime number?
False
Is 485 composite?
True
Is 25661 a prime number?
False
Is 906769 prime?
False
Is 836983 prime?
False
Is 7323 composite?
True
Is 326509 composite?
True
Is 98357 prime?
False
Is 369193 prime?
False
Is 20555 a prime number?
False
Is 541697 composite?
True
Is 119329 composite?
True
Is 236261 composite?
False
Is 128965 composite?
True
Is 500351 a prime number?
False
Is 104731 a composite number?
True
Is 2265299 prime?
False
Is 3113 a composite number?
True
Is 3595 prime?
False
I